 + 1. What is the highest common divisor of 90 and v?
10
Suppose -2*z - 17 = -3. Let k = -5 - z. Suppose -k*n - n = 2*d - 42, -3*d = 2*n - 58. What is the greatest common divisor of d and 27?
9
Let w be (-6)/(-8) - (-132)/16. Let j be (w/6)/(6/128). Calculate the greatest common divisor of j and 4.
4
Let z(w) = w**3 - 2*w**2 + w + 77. Let h be z(0). What is the greatest common divisor of h and 7?
7
Let u(a) = a - 9. Let t be u(9). Suppose 4*v - 4 = -t. Let c be 4/((2 - 1) + v). Calculate the greatest common factor of c and 16.
2
Let t be ((-6)/(-4))/((-2)/(-24)). Let z = t - 13. Suppose -3*k = -4*u + 2 + 73, -2*u + k = -35. Calculate the greatest common divisor of z and u.
5
Let r(n) = 13 - 2*n**3 - 4 + 3*n**3. Let u be r(0). Let b be (-34)/(-3) + (-3)/u. What is the highest common divisor of 22 and b?
11
Let v = 28 + -24. Suppose -5*k + 2*b + 218 = 0, b - 87 = -2*k + 2*b. What is the greatest common divisor of v and k?
4
Let u = -3 + 6. Suppose 2*z - z = u. Let f = z - 0. What is the greatest common divisor of 2 and f?
1
Suppose 5*q - 1 + 6 = 0. Let r be q - -82 - 1/1. Let m(i) = i**3 + 11*i**2 + 15*i + 5. Let p be m(-9). Calculate the greatest common factor of p and r.
16
Suppose 3*g - 2*g = 90. Let r = -21 - -31. What is the greatest common factor of g and r?
10
Suppose 32 = -3*j + 44. What is the greatest common divisor of 6 and j?
2
Let b be 4*1/(-3)*-9. What is the highest common factor of 84 and b?
12
Let q = 31 + -28. Let z be 4/(-2) - (-1 - 1). Suppose z = q*x - 5*x + 14. Calculate the highest common factor of 14 and x.
7
Suppose 4*b + 0*b + 236 = 0. Let m = -38 - b. What is the greatest common factor of 231 and m?
21
Let p = -14 - -20. Suppose -12 = -3*h - 0*h, 2*h = -5*a + 23. Calculate the highest common divisor of a and p.
3
Suppose -101 = -5*s + 39. Calculate the greatest common divisor of 112 and s.
28
Suppose -3*z - 10 = -8*z + 5*y, -5*z - 5*y = 0. Let n(t) = 5*t**3 - t**2. Let a be n(z). Suppose 0*u + 52 = a*u. What is the highest common divisor of u and 13?
13
Suppose -2*i - 4*a = 6, 3*i + 5 = 2*a + 20. Calculate the highest common factor of i and 24.
3
Let v be 5*(21 + -4 + 4). What is the highest common factor of 15 and v?
15
Let u(p) = 13*p**2 + 3*p - 2. Let c be u(2). Calculate the highest common factor of 8 and c.
8
Let s(v) = 3*v**3 - v + 1. Let r be s(1). Suppose -69 = -r*u + 66. Let o be 0 - -30*(-3 + 4). What is the highest common factor of o and u?
15
Suppose -28 = -3*h + h. Let j = 8 + 6. What is the greatest common factor of h and j?
14
Suppose -22 = -12*c + 11*c. Calculate the highest common divisor of 66 and c.
22
Let a be (4/(-5))/(6/45). Let c be (-2)/(-6) - 4/a. Calculate the greatest common factor of c and 9.
1
Suppose 0 = -5*i + 10, -5*o - 5 - 3 = i. Let v = 6 + o. What is the highest common divisor of 32 and v?
4
Suppose -2*s + 56 + 6 = 0. What is the greatest common divisor of s and 93?
31
Let f(v) = -v**2 - 5*v + 10. Let a be f(-6). Suppose 5*x - 16 = x. What is the greatest common factor of x and a?
4
Let h(n) be the first derivative of n**4/4 - 5*n**3/3 - 2*n**2 - n + 3. Let d be h(6). What is the highest common divisor of d and 88?
11
Suppose -2*v + 2*i = 308 + 112, -2*v = 3*i + 425. Let l = v - -393. Calculate the highest common divisor of l and 26.
26
Suppose -2*f - 35 - 69 = -4*b, f + 27 = b. Calculate the highest common factor of b and 10.
5
Let v = 182 + -102. Calculate the highest common divisor of v and 32.
16
Let y(o) = o**3 + 5*o**2 - 4*o + 7. Let t be y(-6). Let u(k) = -13*k - 13. Let j be u(t). What is the highest common divisor of 13 and j?
13
Suppose 5*i - 10 = 0, s = 2*s + 3*i - 42. Calculate the greatest common factor of 24 and s.
12
Let t = 12 - 4. Let n be 477/24 - 20/(-160). Calculate the highest common factor of t and n.
4
Suppose -3*f + 3 + 102 = 0. Calculate the highest common divisor of f and 5.
5
Suppose -k = -4*s - 4 - 16, -5*k + 117 = -3*s. Calculate the highest common divisor of 16 and k.
8
Let f = 71 + 13. Suppose 4*j - 19 = 37. What is the greatest common factor of j and f?
14
Let c(b) = b**3 + 3*b**2 - b - 3. Let i be c(-3). Let o be (i - -12) + (-2 - -4). What is the highest common factor of o and 98?
14
Let v(l) = 56*l**3 - 2*l**2 + l - 2. Let a be v(2). Suppose -3*u = u - a. Suppose 42 = 5*g - 13. Calculate the greatest common divisor of u and g.
11
Let o be 48/(-9)*(-9 + 3). Calculate the greatest common factor of o and 8.
8
Suppose 0 = -0*v + v - 28. Calculate the highest common factor of v and 7.
7
Let u(b) = -b**3 - b**2 + 15. Let r be -3 - (-4 - -1 - 0). Let i be u(r). Calculate the greatest common factor of 15 and i.
15
Suppose 0 = 3*c - c - 24. Let z be c/(1*(-2)/(-18)). What is the greatest common divisor of z and 12?
12
Suppose 0 = 2*t, 4*c = c + 2*t + 225. Calculate the greatest common divisor of 15 and c.
15
Let n(m) = m**3 + 7*m**2 - 2. Let p be n(-3). Calculate the highest common divisor of p and 85.
17
Suppose -2*c - u - 32 = 309, 5*u = 4*c + 717. Let r = c + 254. Let o(z) = 8*z + 1. Let t be o(1). Calculate the greatest common divisor of r and t.
9
Let i = 6 - 2. Suppose -r - 3*w + 33 = -0*w, -4*r + i*w + 84 = 0. Let o be (2/(-5))/(6/(-50))*18. What is the highest common divisor of r and o?
12
Let s = 50 + 30. Let h = 176 - s. Calculate the highest common factor of h and 24.
24
Let u be 4/18 - 68/(-18). Suppose -876 - 168 = -29*p. Calculate the greatest common factor of u and p.
4
Suppose 0 = 4*f + f - 15. Suppose f*h = 233 - 2. Calculate the greatest common divisor of 11 and h.
11
Let i(k) = -k + 3. Let l be i(-5). Suppose -l = -4*v + 4. What is the highest common factor of v and 24?
3
Let u = 140 + -76. Let d = 21 + -14. Let r(w) = -w**3 + 8*w**2 - 7*w + 8. Let o be r(d). Calculate the greatest common divisor of o and u.
8
Suppose -5*r = -96 - 4. What is the highest common factor of r and 20?
20
Let n = 108 - 68. What is the greatest common factor of 16 and n?
8
Let f(p) = 10*p**3 - p**2 + 2*p - 1. Let n be f(1). Let k be (-2)/(-10) + (-144)/(-30). Calculate the highest common divisor of k and n.
5
Let w be ((-11)/(-3))/(1/12). Let r(n) = -n**2 - 13*n + 14. Let j be r(-11). Let x = j - 25. Calculate the greatest common divisor of w and x.
11
Suppose -1 = g - 17. Suppose 96 = -0*y + 2*y. Calculate the greatest common divisor of g and y.
16
Let s be 12/(-8)*-1*2. Suppose 0 = 2*g + s*g - 110. Calculate the greatest common divisor of 44 and g.
22
Let y = 9 - 6. Suppose 50 = 3*i - 4*a + y*a, i = 5*a + 26. What is the greatest common divisor of 160 and i?
16
Suppose 6*q = 1 + 11. Calculate the highest common divisor of q and 5.
1
Let d(o) = -21*o - 2. Let n be d(-2). What is the highest common factor of 5 and n?
5
Suppose -2*t - 2*s + 98 = -0*t, t - 58 = 2*s. Calculate the greatest common divisor of t and 13.
13
Let h be (-15)/(6 + -3) + 2. Let q be (h - 26/(-8))*8. What is the highest common divisor of 5 and q?
1
Suppose 6*r - 4*r = 90. Suppose -4*i + 99 = -r. Let k = -14 + i. Calculate the greatest common divisor of 2 and k.
2
Let r = 99 + -54. Suppose -13 = -8*g + 131. Calculate the greatest common factor of g and r.
9
Let x(f) = 3*f**2 + 15*f + 18. Let u be x(-10). What is the greatest common factor of 24 and u?
24
Let o(n) = n**2 - 4*n + 10. Let u be o(8). What is the highest common divisor of u and 28?
14
Let z = 71 + -49. Let y(n) = 7*n**3 - n**2 + n + 1. Let t be y(2). What is the highest common divisor of t and z?
11
Suppose -s + 5*d = 10, -2*s - 3*s - 4 = -2*d. Let o be 2/4*s - 8. Let y = 2 - o. What is the highest common factor of 90 and y?
10
Let s(q) = q**2 - q - 1. Let r be s(-2). Let i = r + -8. Let a be i/7 + (-124)/(-28). Calculate the highest common divisor of 36 and a.
4
Let n be (3/(-3))/(2/(-72)). Suppose 0 = 3*c - 126 + n. Calculate the highest common divisor of c and 6.
6
Let v = 6 + 24. Let q(d) = -7*d**2 - 6*d - 6 - d**3 + 5 + 7. Let s be q(-6). Calculate the greatest common factor of s and v.
6
Suppose 0 = 6*x - 0*x - 24. What is the highest common factor of x and 4?
4
Let t(m) = m**2 - m + 2. Let b be t(0). Suppose b*d = -d + 135. Calculate the greatest common divisor of 9 and d.
9
Let q = -7 - -11. Let r = q - -8. What is the highest common factor of r and 60?
12
Suppose 0*f + 2 = f. Suppose 0 = 3*b + 2*k - 9, 3*b - 5*k = -2*b